{"id":215,"date":"2022-10-15T10:54:36","date_gmt":"2022-10-15T10:54:36","guid":{"rendered":"https:\/\/erasmusplus.iespablopicasso.es\/?page_id=215"},"modified":"2022-11-09T16:16:36","modified_gmt":"2022-11-09T16:16:36","slug":"que-es-erasmus","status":"publish","type":"page","link":"https:\/\/erasmusplus.iespablopicasso.es\/index.php\/que-es-erasmus\/","title":{"rendered":"Qu\u00e9 es Erasmus+"},"content":{"rendered":"\n<p>El programa Erasmus tiene como objetivo atender a las necesidades de ense\u00f1anza y aprendizaje de las personas participantes en un contexto europeo. Dentro del programa Erasmus + existen tres acciones clave: <\/p>\n\n\n\n<div class=\"wp-block-group\"><div class=\"wp-block-group__inner-container is-layout-flow wp-block-group-is-layout-flow\">\n<div class=\"wp-block-group\"><div class=\"wp-block-group__inner-container is-layout-flow wp-block-group-is-layout-flow\">\n<p>Acci\u00f3n clave 1 (AC1): Movilidad educativa de las personas.  Acci\u00f3n clave 2 (AC2): Cooperaci\u00f3n entre organizaciones e instituciones&nbsp;y Acci\u00f3n clave 3 (AC3): Respaldo al desarrollo de pol\u00edticas y a la cooperaci\u00f3n&nbsp;&nbsp;<\/p>\n<\/div><\/div>\n<\/div><\/div>\n\n\n\n<div class=\"wp-block-group\"><div class=\"wp-block-group__inner-container is-layout-flow wp-block-group-is-layout-flow\">\n<p><strong>Tipos de proyectos que desarrollamos en nuestro centro:<\/strong><\/p>\n\n\n\n<p>1. Para ciclos formativos: Movilidad para estudiantes y profesorado de formaci\u00f3n profesional (K102)<\/p>\n\n\n\n<p>2. Para 4\u00ba ESO y 1\u00ba Bachillerato: Asociaciones escolares de intercambios de buenas pr\u00e1cticas&nbsp;y movilidad del alumnado. Estos proyectos  con otros centros europeos sobre temas comunes tanto en el aula, como en reuniones internacionales en cada pa\u00eds socio.<\/p>\n\n\n\n<p>3. Movilidad del profesorado<\/p>\n<\/div><\/div>\n\n\n\n<h2 class=\"wp-block-heading\"><strong>Proyectos desarrollados hasta ahora:<\/strong><\/h2>\n\n\n\n<h2 class=\"wp-block-heading\"><strong>Curso 2018\/2020 &#8211; J\u00f3venes emprendedores en una Europa moderna<\/strong> (K229)<\/h2>\n\n\n\n<p>Los centros participantes son:<br>IES PABLO PICASSO, M\u00c1LAGA, ESPA\u00d1A<br>BUDAPESTI GAZDAS\u00c1GI SZAKK\u00c9PZ\u00c9SI CENTRUM SZENT ISTV\u00c1N K\u00d6ZGAZDAS\u00c1I SZAKGIMN\u00c1ZIUMA \u00c9S KOLL\u00c9GIUMA, BUDAPEST, HUNGR\u00cdA<br>EKONOMSKA SKOLA BRACA RADIC, DAKOVO, CROACIA<br>ZESPOL SZKOL \u2013 III LICEUM OGOLNOKSZTALCACE IM. DR WL. BIEGANSKIEGO, CZESTOCHOWA, POLONIA<\/p>\n\n\n\n<p>Este proyecto trat\u00f3 sobre emprendimiento social, para conocer a empresas sociales y ONGs de nuestro entorno. Fue prorrogado hasta el curso 2020 debido a la crisis sanitaria Covid 19, para poder finalizarlo seg\u00fan lo dise\u00f1ado en el plan inicial y poder realizar la \u00faltima movilidad en nuestro centro, que hemos hecho de forma virtual del con alumnado de 2\u00ba de Bachillerato durante los d\u00edas 23-26 de marzo. Hemos titulado esta movilidad virtual \u00abTaking Action to Change the World\u00bb (\u00abActuar para cambiar el mundo\u00bb) .<br>La movilidad ha sido un \u00e9xito, con m\u00e1s de 60 participantes de cuatro pa\u00edses europeos y numerosas actividades sobre el mismo tema del proyecto, el emprendimiento social y la participaci\u00f3n activa de nuestro alumnado en la sociedad, adem\u00e1s de actividades culturales y l\u00fadicas.<\/p>\n\n\n\n<h2 class=\"wp-block-heading\"><strong>Cursos 2019\/2021 &#8211; Emprendimiento en la escuela, sobre emprendimient<\/strong>o (K229)<\/h2>\n\n\n\n<p>Centros participantes:<br>IES PABLO PICASSO, M\u00c1LAGA, ESPA\u00d1A<br>RIGA PURVCIEMS SECONDARY SCHOOL, RIGA, LETONIA<br>LICEUM OGOLNOKSZTALCACE W WOLCZYNIE, WOLCZYN, POLONIA<br>ISTITUTO SUPERIORE STATALE \u00abMario Rutelli\u00bb, PALERMO, ITALIA<br>MUSIC SCHOOL OF ILION, ATENAS, CRECIA<\/p>\n\n\n\n<p>Objetivos:<br>Impulsar la innovaci\u00f3n educativa y la creaci\u00f3n de materiales para el desarrollo de la competencia social y ciudadana y de la competencia de emprender.<br>Desarrollar las habilidades ling\u00fc\u00edsticas de nuestro alumnado y profesorado.<br>Trabajar las habilidades de emprendimiento, sobre todo en lo referido a habilidades interpersonales.<br>Fomentar cooperaci\u00f3n emprendedores sociales de la comunidad<\/p>\n\n\n\n<h2 class=\"wp-block-heading\"><strong>Curso 2020\/2022 &#8211; SOSTENIBILIDAD: Hag\u00e1monos m\u00e1s \u00abverdes\u00bb<\/strong> (K229)<\/h2>\n\n\n\n<p>Centros participantes:<\/p>\n\n\n\n<p>IES PABLO PICASSO, M\u00c1LAGA, ESPA\u00d1A<br>GENIKO LYKEIO PARALIAS, GRECIA<br>IIS \u00abL. DA VINCI -NITTI\u00bb, ITALIA<br>TRAKU GIMNAZIJA, LITUANIA<br>ANIEL THEYSOHN IGS WALDFISCHBACH BURGALBEN, ALEMANIA<\/p>\n\n\n\n<p>Los objetivos de este proyecto son los siguientes:<br>Creaci\u00f3n\/revisi\u00f3n de materiales sobre sostenibilidad en todas las materias.<br>Trabajo interdisciplinar en el aula: creaci\u00f3n de una agenda para hacer nuestro centro m\u00e1s sostenible.<br>Establecer relaciones con agentes de cambio medioambientales de nuestro entorno.<\/p>\n\n\n\n<h2 class=\"wp-block-heading\"><strong>Curso 2021\/22 &#8211; Proyecto Etwinning <strong>\u00abFemicides\u00bb<\/strong><\/strong><\/h2>\n\n\n\n<p>En este proyecto Etwinning titulado \u201cFeminicidios\u201d. En este proyecto hemos trabajado de manera online el tema de la violencia contra las mujeres con alumnado de Baden, en Austria. El objetivo de este proyecto es concienciar sobre este problema y animar al alumnado a actuar al respecto. Entre las actividades realizadas est\u00e1n: <\/p>\n\n\n\n<div class=\"wp-block-group\"><div class=\"wp-block-group__inner-container is-layout-flow wp-block-group-is-layout-flow\">\n<ul class=\"wp-block-list\"><li>Trabajo interdisciplinar con el alumnado de 4\u00ba A para investigar sobre el tema principal <\/li><\/ul>\n<\/div><\/div>\n\n\n\n<ul class=\"wp-block-list\"><li>Realizaci\u00f3n de dos encuentros virtuales para reflexionar sobre lo aprendido en clase y conocerse <\/li><\/ul>\n\n\n\n<ul class=\"wp-block-list\"><li>Encuentro virtual con la red WAVE que trabaja apoyando a organizaciones que trabajan contra la violencia hacia las mujeres.<\/li><\/ul>\n\n\n\n<h2 class=\"wp-block-heading\"><strong>Curso 2022\/2023- Proyecto \u00abFemicides\u00bb<\/strong> (K121)<\/h2>\n\n\n\n<p>Durante el curso 2022\/2023 se trabajar\u00e1 el mismo tema que el curso anterior y se realizar\u00e1 una movilidad con el alumnado de 1\u00ba de bachillerato a Baden, Austria.<\/p>\n\n\n\n<h2 class=\"wp-block-heading\"><strong>Tipos de actividades que desarrollamos en los proyectos Erasmus<\/strong>+<\/h2>\n\n\n\n<p>1-&nbsp; ACTIVIDADES EN NUESTRO CENTRO:<\/p>\n\n\n\n<p>&#8211; Investigaciones y entrevistas fuera del aula<\/p>\n\n\n\n<p>&#8211; Presentaciones en clase sobre diferentes temas del proyecto:<\/p>\n\n\n\n<p>&#8211; Presentaciones y trabajos sobre la tem\u00e1tica de cada proyecto (por ejemplo, <a href=\"https:\/\/photos.app.goo.gl\/FkLcdDKpwAt4H5Xn8\">medio ambiente<\/a>) <\/p>\n\n\n\n<p>&#8211; Presentaciones sobre los <a href=\"https:\/\/photos.app.goo.gl\/QR8rxNK1vztPLhBP9\">pa\u00edses<\/a> socios: <a href=\"\"><\/a><\/p>\n\n\n\n<p>&#8211; Celebraci\u00f3n de efem\u00e9rides en el centro, como  el<a href=\"https:\/\/photos.app.goo.gl\/CCkKf2NrJdApg9Mb6\"> D\u00eda de Europa<\/a> o <a href=\"https:\/\/photos.app.goo.gl\/dkrNzzzowJ1UVL2L9\">Erasmus Days<\/a><\/p>\n\n\n\n<figure class=\"wp-block-embed is-type-video is-provider-youtube wp-block-embed-youtube wp-embed-aspect-16-9 wp-has-aspect-ratio\"><div class=\"wp-block-embed__wrapper\">\n<iframe title=\"Erasmus students from Pablo Picasso 2019\" width=\"980\" height=\"551\" src=\"https:\/\/www.youtube.com\/embed\/-dNw6_qA8NA?feature=oembed\" frameborder=\"0\" allow=\"accelerometer; autoplay; clipboard-write; encrypted-media; gyroscope; picture-in-picture\" allowfullscreen><\/iframe>\n<\/div><\/figure>\n\n\n\n<p>&#8211; Compartir trabajo en espacios virtuales (Twinspace) y con reuniones online.<\/p>\n\n\n\n<div class=\"wp-block-image\"><figure class=\"aligncenter\"><img decoding=\"async\" src=\"https:\/\/lh6.googleusercontent.com\/wJfTreTfu3qoee-omokb2DnC6tpOIfkPtnU9FlPLFidd001PaaIrKW3HxD3t1lxxTEQA9u8t52DiibeE80Thp9QnXxIBSt05D3FDvsjHtvMluhYKNkS2Zm6pj9PED0VorkihbHFnuBC3xtwHQw\" alt=\"\"\/><\/figure><\/div>\n\n\n\n<p>2-&nbsp; ACTIVIDADES INTERNACIONALES EN CENTROS SOCIOS: MOVILIDADES ERASMUS+<\/p>\n\n\n\n<p>Para m\u00e1s informaci\u00f3n ver entradas de cada proyecto en el men\u00fa de la derecha.<\/p>\n","protected":false},"excerpt":{"rendered":"<p>El programa Erasmus tiene como objetivo atender a las necesidades de ense\u00f1anza y aprendizaje de las personas participantes en un contexto europeo. Dentro del programa Erasmus + existen tres acciones clave: Acci\u00f3n clave 1 (AC1): Movilidad educativa de las personas. Acci\u00f3n clave 2 (AC2): Cooperaci\u00f3n entre organizaciones e instituciones&nbsp;y Acci\u00f3n clave 3 (AC3): Respaldo al [&hellip;]<\/p>\n","protected":false},"author":1,"featured_media":0,"parent":0,"menu_order":0,"comment_status":"closed","ping_status":"closed","template":"","meta":{"om_disable_all_campaigns":false,"_monsterinsights_skip_tracking":false,"_monsterinsights_sitenote_active":false,"_monsterinsights_sitenote_note":"","_monsterinsights_sitenote_category":0,"footnotes":""},"class_list":["post-215","page","type-page","status-publish","hentry"],"aioseo_notices":[],"_links":{"self":[{"href":"https:\/\/erasmusplus.iespablopicasso.es\/index.php\/wp-json\/wp\/v2\/pages\/215","targetHints":{"allow":["GET"]}}],"collection":[{"href":"https:\/\/erasmusplus.iespablopicasso.es\/index.php\/wp-json\/wp\/v2\/pages"}],"about":[{"href":"https:\/\/erasmusplus.iespablopicasso.es\/index.php\/wp-json\/wp\/v2\/types\/page"}],"author":[{"embeddable":true,"href":"https:\/\/erasmusplus.iespablopicasso.es\/index.php\/wp-json\/wp\/v2\/users\/1"}],"replies":[{"embeddable":true,"href":"https:\/\/erasmusplus.iespablopicasso.es\/index.php\/wp-json\/wp\/v2\/comments?post=215"}],"version-history":[{"count":4,"href":"https:\/\/erasmusplus.iespablopicasso.es\/index.php\/wp-json\/wp\/v2\/pages\/215\/revisions"}],"predecessor-version":[{"id":255,"href":"https:\/\/erasmusplus.iespablopicasso.es\/index.php\/wp-json\/wp\/v2\/pages\/215\/revisions\/255"}],"wp:attachment":[{"href":"https:\/\/erasmusplus.iespablopicasso.es\/index.php\/wp-json\/wp\/v2\/media?parent=215"}],"curies":[{"name":"wp","href":"https:\/\/api.w.org\/{rel}","templated":true}]}}